f b and 21?
3
Let a be 101 + 6 - (-3 - 0). Calculate the highest common divisor of a and 10.
10
Suppose -12 = -0*y - 2*y. Let m be (-3 + y)*(-2)/(-6). Let w = 8 - m. What is the greatest common divisor of w and 28?
7
Let o(h) = 27*h**3 + h**2 - h. Suppose s + 2*s = 3. Let d be o(s). Calculate the highest common divisor of 9 and d.
9
Let k be -4 - -3 - 10*1. Let s = 47 + k. What is the greatest common factor of s and 9?
9
Let y(g) = 5*g + 5. Let b be y(4). Suppose -30 = -6*t + 3*t. Calculate the highest common factor of t and b.
5
Let t(c) = 2*c**3 - 4*c**2. Let a be t(3). Suppose 3*z - 4 = 4*i, 5*z - 26 + 6 = 0. What is the highest common factor of a and i?
2
Suppose 0 = 4*x - 4*q - 80 - 0, 0 = 2*x - 5*q - 55. What is the highest common divisor of 15 and x?
15
Let o = 128 + -68. Calculate the greatest common factor of 15 and o.
15
Let w be 0*(1 + (1 - 3)). Let f be 13/(w + 2/2). Calculate the highest common factor of 52 and f.
13
Let s(v) = -2*v**2 + 28*v - 11. Let f be s(13). Calculate the greatest common divisor of f and 5.
5
Suppose 5*t - 578 = -178. Suppose 5*v - t = v. Suppose 4*w + 5*x - 21 = 0, -2*w - 3*x = -4 - 7. Calculate the highest common factor of v and w.
4
Let z(o) = o**3 + 17*o**2 - 17*o + 25. Let f be z(-18). Let u = 41 - -22. What is the highest common factor of f and u?
7
Let g be 0 + 0 - (0 - -2). Let m = g + 13. Let q be (99/45)/((-1)/(-10)). Calculate the greatest common divisor of m and q.
11
Let b(q) = -q**3 - 3*q**2 + 1. Let p be b(-1). Let g(u) = 110*u**2. Let w be g(p). What is the greatest common factor of w and 10?
10
Let j = 58 - -12. What is the greatest common factor of 28 and j?
14
Suppose 0 = -2*z + 153 + 29. Suppose 2*c - 8 = -0. Let l be 372/28 - c/14. Calculate the highest common factor of z and l.
13
Let j = 0 - -3. Let u(k) = k**2 - 2*k - 2. Let p be u(3). What is the greatest common divisor of j and p?
1
Suppose -12 = -5*y + 33. What is the greatest common factor of y and 45?
9
Let h(i) = i**3 - 6*i**2 + 5*i + 5. Let r be h(5). Calculate the greatest common factor of r and 55.
5
Suppose 0*r = -4*r + 396. Suppose -n = 4*k - 17, 5*k - 2*n = 5 - 0. Suppose -3*p - k = -30. What is the highest common factor of p and r?
9
Let h = 10 - -1. What is the highest common factor of 11 and h?
11
Suppose 5*a - s - 18 = 0, -6*a + 2*s = -a - 16. Suppose a = y - 5*t, t - 43 = -5*y + 81. What is the highest common divisor of 3 and y?
3
Let r(v) = -v**3 - v**2 + 3*v + 2. Let h be r(-2). Suppose h = -3*k + 80 + 130. Calculate the greatest common divisor of 28 and k.
14
Suppose -s = 2*s - 27. Let c = 95 + -32. Calculate the highest common divisor of c and s.
9
Let h = -10 + 20. Let a(o) be the first derivative of -o**3/3 + 13*o**2/2 + 10*o + 2. Let k be a(h). What is the highest common factor of 10 and k?
10
Let g be 8/(-2)*2 + 3. Let m = g + 13. Suppose -d + 2*d = m. Calculate the greatest common divisor of 64 and d.
8
Let b(a) = 0 + 2 + 3*a - a**2 + 0*a**2. Let d be b(5). Let j = d - -17. Calculate the greatest common factor of 81 and j.
9
Let z(p) = 12 + p - 2*p + 21. Suppose 2*y + 3*a - 12 = 0, 1 = 3*a - 11. Let m be z(y). Calculate the highest common divisor of 11 and m.
11
Suppose y - 78 = -4*b + 164, -4*b - 2*y = -244. Calculate the highest common divisor of b and 150.
30
Let q be 47/2 - (-2)/4. Let j(s) = -16*s - 4. Let x be j(-4). Calculate the highest common divisor of q and x.
12
Suppose 3*n - 84 = -n. Suppose j - 4*o = 19, 2*o = 4*j - 6*j - 2. What is the highest common factor of n and j?
3
Let s = -40 + 79. Let o(l) = -2*l**3 + 2*l**2 + 2. Let r be o(-2). Calculate the highest common divisor of r and s.
13
Let k(s) = -3*s**3 - 2. Let z be k(-2). Suppose 0 = o + 4*o + 10. Let i = 13 + o. What is the greatest common factor of z and i?
11
Let n be (2*1)/(14/28). Calculate the highest common factor of 32 and n.
4
Suppose 4*z = -5*c + 40, 3*z - 4*c = -0*z + 61. Let q(o) = -o + 18. Let a be q(13). Suppose -5*r + a = -z. Calculate the highest common factor of 4 and r.
4
Suppose 4*o = -4*d + 240, o - 45 = -2*d + 12. Calculate the highest common factor of 84 and o.
21
Let p be 1/6 + (-428)/(-24). Suppose -l + 35 = -1. Calculate the greatest common divisor of l and p.
18
Suppose j = -4*b + 3, 0 = -b + 2*b + 2. What is the highest common divisor of 11 and j?
11
Let o(y) = 14*y - 70. Let f be o(14). Suppose 4*h = h + 54. What is the highest common factor of h and f?
18
Let r = 53 + -36. Let l = r + 13. What is the highest common factor of 20 and l?
10
Let d be 6/(-4) + (-10)/(-4). Let f be d/6 + 860/24. Let o be (-1)/4 + (-73)/(-4). What is the greatest common divisor of f and o?
18
Let f be (74 - -3)*(1 - 0). Calculate the greatest common divisor of 11 and f.
11
Let s be ((-6)/(-3) - 6)*-8. What is the highest common divisor of 4 and s?
4
Suppose 5*u = 6*u - 20. Calculate the highest common factor of 50 and u.
10
Suppose -3 - 2 = 5*s. Let f = 18 + -18. Let n be s + 91 + -2 + f. Calculate the highest common factor of n and 8.
8
Let f = 26 - 19. Calculate the greatest common divisor of f and 35.
7
Let m = -340 + 404. Suppose 3*c - 65 = -5*l, 5*l - 2*c = 4*l + 26. What is the highest common divisor of l and m?
16
Suppose 2 - 5 = -b. Let d be ((-20)/b)/(10/(-75)). Suppose 7*f - 2*f = d. What is the greatest common factor of 5 and f?
5
Let l = 4 + 6. Suppose 2*b - 45 = 4*m + 103, -3*m = -b + 76. Calculate the greatest common divisor of l and b.
10
Let n(r) = 2*r + 16. Let p be n(-5). Suppose t = 6 + 60. Calculate the greatest common factor of t and p.
6
Suppose 0 = -4*n - 3*q + 38, 4*n + 2*q - 51 = -n. Suppose 4*c = 85 + 315. Let d = -56 + c. What is the greatest common divisor of d and n?
11
Let q = 3 + 12. Let a(r) = r**3 + 4*r**2 - 6*r - 3. Let z be a(-5). Suppose -56 = -5*h - 0*l + z*l, 3*l + 9 = 0. What is the greatest common divisor of h and q?
5
Suppose 0 = p - 5*p + 16. Suppose p*v + 10 + 2 = 0. Let y be 5/(v/36*-3). What is the greatest common factor of y and 30?
10
Let o = -14 - -83. Let s(u) = -u**3 - 7*u**2 - 7*u - 7. Let y be s(-7). Let t = o - y. What is the greatest common factor of 9 and t?
9
Let v(d) = d**3. Let q(f) = 15*f**3. Let m(b) = q(b) - 18*v(b). Let o be -3*(1/(-3) - -1). Let t be m(o). What is the greatest common divisor of 8 and t?
8
Let n be 8/28 - (-183)/21. What is the greatest common divisor of n and 3?
3
Let p = -132 + 186. What is the highest common divisor of 36 and p?
18
Let d(t) = -5*t - 6. Let r be d(8). Let c = r + 111. Suppose 2*s = 3*s - 13. What is the highest common divisor of s and c?
13
Let r = -3 + 24. What is the greatest common divisor of r and 7?
7
Let t = 122 + -114. Calculate the greatest common factor of t and 8.
8
Suppose -7 = 3*u - 2*u. Let a(n) = -16*n - 8. Let w be a(u). What is the highest common divisor of 13 and w?
13
Suppose 0*q = -4*q + 8. What is the greatest common divisor of 6 and q?
2
Suppose -7 + 31 = 4*d. Let l = d + 1. What is the greatest common factor of l and 49?
7
Let i be 29 + (-1 + 1 - 3). Let j be i + -1 + (0 - 1). Calculate the highest common divisor of j and 8.
8
Let m be (-18)/(-4)*4/6. Suppose 7 + 44 = m*b. Let l(v) = -7*v - 5. Let d be l(-8). What is the highest common factor of d and b?
17
Let y = -10 + 17. What is the greatest common divisor of 21 and y?
7
Suppose 305 = 11*k + 19. Calculate the highest common factor of k and 182.
26
Let v be (-60)/3*(-4 + 0). Suppose 7*s = 148 + 76. Calculate the highest common divisor of s and v.
16
Let s(q) = -q**3 + 11*q**2 + 2*q - 11. Let c be s(11). Calculate the highest common factor of c and 11.
11
Let w be 1/3 - 22/(-6). Suppose w*y - 16 = 64. Let r = y + -3. What is the highest common factor of r and 17?
17
Let x(i) = -1. Let h(f) = -16*f. Let n(j) = -h(j) + 2*x(j). Let o be n(2). What is the highest common divisor of o and 6?
6
Let a = -1 - -3. Suppose a*m + 6 = -m. Let c be 1 - (-2)/(m/(-11)). What is the greatest common factor of 132 and c?
12
Let t(u) = 2*u**2 + 3*u - 3. Let z be t(-3). Let r be 0 - (2 - (0 + 11)). Calculate the highest common divisor of z and r.
3
Let u(a) = 3*a - 16. Let n(m) = -m + 2. Let y be n(-5). Let h be u(y). Suppose f = -v - f + 39, 3*f = 2*v - 99. Calculate the greatest common factor of h and v.
5
Let r(z) = -3*z - 9. Let s be r(-12). Let n = -19 + s. What is the greate